{"id":1675,"date":"2019-11-11T17:10:56","date_gmt":"2019-11-11T16:10:56","guid":{"rendered":"http:\/\/www.lsg.cz\/erasmus\/?page_id=1675"},"modified":"2019-11-12T09:56:13","modified_gmt":"2019-11-12T08:56:13","slug":"bulgaria","status":"publish","type":"page","link":"http:\/\/www.lsg.cz\/erasmus\/participants\/bulgaria\/","title":{"rendered":"Bulgaria"},"content":{"rendered":"\t\t<div data-elementor-type=\"wp-page\" data-elementor-id=\"1675\" class=\"elementor elementor-1675\">\n\t\t\t\t\t\t<div class=\"elementor-inner\">\n\t\t\t\t<div class=\"elementor-section-wrap\">\n\t\t\t\t\t\t\t\t\t<section class=\"elementor-section elementor-top-section elementor-element elementor-element-d16f2ac elementor-section-boxed elementor-section-height-default elementor-section-height-default\" data-id=\"d16f2ac\" data-element_type=\"section\">\n\t\t\t\t\t\t<div class=\"elementor-container elementor-column-gap-default\">\n\t\t\t\t\t\t\t<div class=\"elementor-row\">\n\t\t\t\t\t<div class=\"elementor-column elementor-col-100 elementor-top-column elementor-element elementor-element-31f440a\" data-id=\"31f440a\" data-element_type=\"column\">\n\t\t\t<div class=\"elementor-column-wrap elementor-element-populated\">\n\t\t\t\t\t\t\t<div class=\"elementor-widget-wrap\">\n\t\t\t\t\t\t<div class=\"elementor-element elementor-element-79c6df3 elementor-widget elementor-widget-spacer\" data-id=\"79c6df3\" data-element_type=\"widget\" data-widget_type=\"spacer.default\">\n\t\t\t\t<div class=\"elementor-widget-container\">\n\t\t\t\t\t<div class=\"elementor-spacer\">\n\t\t\t<div class=\"elementor-spacer-inner\"><\/div>\n\t\t<\/div>\n\t\t\t\t<\/div>\n\t\t\t\t<\/div>\n\t\t\t\t\t\t<\/div>\n\t\t\t\t\t<\/div>\n\t\t<\/div>\n\t\t\t\t\t\t\t\t<\/div>\n\t\t\t\t\t<\/div>\n\t\t<\/section>\n\t\t\t\t<section class=\"elementor-section elementor-top-section elementor-element elementor-element-e2c524a elementor-section-boxed elementor-section-height-default elementor-section-height-default\" data-id=\"e2c524a\" data-element_type=\"section\">\n\t\t\t\t\t\t<div class=\"elementor-container elementor-column-gap-default\">\n\t\t\t\t\t\t\t<div class=\"elementor-row\">\n\t\t\t\t\t<div class=\"elementor-column elementor-col-100 elementor-top-column elementor-element elementor-element-cf5fc7b\" data-id=\"cf5fc7b\" data-element_type=\"column\">\n\t\t\t<div class=\"elementor-column-wrap elementor-element-populated\">\n\t\t\t\t\t\t\t<div class=\"elementor-widget-wrap\">\n\t\t\t\t\t\t<div class=\"elementor-element elementor-element-3825ff8 elementor-widget elementor-widget-heading\" data-id=\"3825ff8\" data-element_type=\"widget\" data-widget_type=\"heading.default\">\n\t\t\t\t<div class=\"elementor-widget-container\">\n\t\t\t<h2 class=\"elementor-heading-title elementor-size-default\">About our school<\/h2>\t\t<\/div>\n\t\t\t\t<\/div>\n\t\t\t\t<div class=\"elementor-element elementor-element-870db95 elementor-widget elementor-widget-text-editor\" data-id=\"870db95\" data-element_type=\"widget\" data-widget_type=\"text-editor.default\">\n\t\t\t\t<div class=\"elementor-widget-container\">\n\t\t\t\t\t\t\t\t<div class=\"elementor-text-editor elementor-clearfix\">\n\t\t\t\t<p>No 2 Secondary School &#8222;Prof- Nikola Marinov&#8220; is a secondary school with a history of \u00a050\u00a0 years. With more than 1200 students, aged 6 to 19, the school is the largest in Targovishte region.\u00a0<\/p><p>The students develop their abilities in the following sections: Technology, Humanities, Natural Sciences, Arts.<\/p><p>\u00a0Uniqueness to the school is added by the 4\u00a0music- and art-profiled classes from 9th to 12th grades. The students from the Music, Fine Arts and Choreography classes organize a lot of concerts and exhibitions to show the public what they have learnt and \u00a0contribute to a great extent to the overall cultural life of the town of Targovishte.<\/p><p>\u00a0The talented students of our school have won prestigious awards, scholarships for gifted children, medals and diplomas in various fields of knowledge, sports and arts.<\/p>\t\t\t\t\t<\/div>\n\t\t\t\t\t\t<\/div>\n\t\t\t\t<\/div>\n\t\t\t\t\t\t<\/div>\n\t\t\t\t\t<\/div>\n\t\t<\/div>\n\t\t\t\t\t\t\t\t<\/div>\n\t\t\t\t\t<\/div>\n\t\t<\/section>\n\t\t\t\t<section class=\"elementor-section elementor-top-section elementor-element elementor-element-e36f33e elementor-section-boxed elementor-section-height-default elementor-section-height-default\" data-id=\"e36f33e\" data-element_type=\"section\">\n\t\t\t\t\t\t<div class=\"elementor-container elementor-column-gap-default\">\n\t\t\t\t\t\t\t<div class=\"elementor-row\">\n\t\t\t\t\t<div class=\"elementor-column elementor-col-100 elementor-top-column elementor-element elementor-element-f602a45\" data-id=\"f602a45\" data-element_type=\"column\">\n\t\t\t<div class=\"elementor-column-wrap elementor-element-populated\">\n\t\t\t\t\t\t\t<div class=\"elementor-widget-wrap\">\n\t\t\t\t\t\t<div class=\"elementor-element elementor-element-4fb546b elementor-widget elementor-widget-image-gallery\" data-id=\"4fb546b\" data-element_type=\"widget\" data-widget_type=\"image-gallery.default\">\n\t\t\t\t<div class=\"elementor-widget-container\">\n\t\t\t\t\t<div class=\"elementor-image-gallery\">\n\t\t\t<div id='gallery-1' class='gallery galleryid-1675 gallery-columns-5 gallery-size-thumbnail'><figure class='gallery-item'>\n\t\t\t<div class='gallery-icon landscape'>\n\t\t\t\t<a data-elementor-open-lightbox=\"yes\" data-elementor-lightbox-slideshow=\"4fb546b\" data-elementor-lightbox-title=\"6\" e-action-hash=\"#elementor-action%3Aaction%3Dlightbox%26settings%3DeyJpZCI6MTY3NywidXJsIjoiaHR0cDpcL1wvd3d3LmxzZy5jelwvZXJhc211c1wvd3AtY29udGVudFwvdXBsb2Fkc1wvMjAxOVwvMTFcLzYuanBnIiwic2xpZGVzaG93IjoiNGZiNTQ2YiJ9\" href='http:\/\/www.lsg.cz\/erasmus\/wp-content\/uploads\/2019\/11\/6.jpg'><img loading=\"lazy\" decoding=\"async\" width=\"150\" height=\"150\" src=\"http:\/\/www.lsg.cz\/erasmus\/wp-content\/uploads\/2019\/11\/6-150x150.jpg\" class=\"attachment-thumbnail size-thumbnail\" alt=\"\" \/><\/a>\n\t\t\t<\/div><\/figure><figure class='gallery-item'>\n\t\t\t<div class='gallery-icon landscape'>\n\t\t\t\t<a data-elementor-open-lightbox=\"yes\" data-elementor-lightbox-slideshow=\"4fb546b\" data-elementor-lightbox-title=\"1\" e-action-hash=\"#elementor-action%3Aaction%3Dlightbox%26settings%3DeyJpZCI6MTY3OCwidXJsIjoiaHR0cDpcL1wvd3d3LmxzZy5jelwvZXJhc211c1wvd3AtY29udGVudFwvdXBsb2Fkc1wvMjAxOVwvMTFcLzEuanBnIiwic2xpZGVzaG93IjoiNGZiNTQ2YiJ9\" href='http:\/\/www.lsg.cz\/erasmus\/wp-content\/uploads\/2019\/11\/1.jpg'><img loading=\"lazy\" decoding=\"async\" width=\"150\" height=\"150\" src=\"http:\/\/www.lsg.cz\/erasmus\/wp-content\/uploads\/2019\/11\/1-150x150.jpg\" class=\"attachment-thumbnail size-thumbnail\" alt=\"\" \/><\/a>\n\t\t\t<\/div><\/figure><figure class='gallery-item'>\n\t\t\t<div class='gallery-icon landscape'>\n\t\t\t\t<a data-elementor-open-lightbox=\"yes\" data-elementor-lightbox-slideshow=\"4fb546b\" data-elementor-lightbox-title=\"2\" e-action-hash=\"#elementor-action%3Aaction%3Dlightbox%26settings%3DeyJpZCI6MTY3OSwidXJsIjoiaHR0cDpcL1wvd3d3LmxzZy5jelwvZXJhc211c1wvd3AtY29udGVudFwvdXBsb2Fkc1wvMjAxOVwvMTFcLzIuanBnIiwic2xpZGVzaG93IjoiNGZiNTQ2YiJ9\" href='http:\/\/www.lsg.cz\/erasmus\/wp-content\/uploads\/2019\/11\/2.jpg'><img loading=\"lazy\" decoding=\"async\" width=\"150\" height=\"150\" src=\"http:\/\/www.lsg.cz\/erasmus\/wp-content\/uploads\/2019\/11\/2-150x150.jpg\" class=\"attachment-thumbnail size-thumbnail\" alt=\"\" \/><\/a>\n\t\t\t<\/div><\/figure><figure class='gallery-item'>\n\t\t\t<div class='gallery-icon landscape'>\n\t\t\t\t<a data-elementor-open-lightbox=\"yes\" data-elementor-lightbox-slideshow=\"4fb546b\" data-elementor-lightbox-title=\"3\" e-action-hash=\"#elementor-action%3Aaction%3Dlightbox%26settings%3DeyJpZCI6MTY4MCwidXJsIjoiaHR0cDpcL1wvd3d3LmxzZy5jelwvZXJhc211c1wvd3AtY29udGVudFwvdXBsb2Fkc1wvMjAxOVwvMTFcLzMuanBnIiwic2xpZGVzaG93IjoiNGZiNTQ2YiJ9\" href='http:\/\/www.lsg.cz\/erasmus\/wp-content\/uploads\/2019\/11\/3.jpg'><img loading=\"lazy\" decoding=\"async\" width=\"150\" height=\"150\" src=\"http:\/\/www.lsg.cz\/erasmus\/wp-content\/uploads\/2019\/11\/3-150x150.jpg\" class=\"attachment-thumbnail size-thumbnail\" alt=\"\" \/><\/a>\n\t\t\t<\/div><\/figure><figure class='gallery-item'>\n\t\t\t<div class='gallery-icon landscape'>\n\t\t\t\t<a data-elementor-open-lightbox=\"yes\" data-elementor-lightbox-slideshow=\"4fb546b\" data-elementor-lightbox-title=\"4\" e-action-hash=\"#elementor-action%3Aaction%3Dlightbox%26settings%3DeyJpZCI6MTY4MSwidXJsIjoiaHR0cDpcL1wvd3d3LmxzZy5jelwvZXJhc211c1wvd3AtY29udGVudFwvdXBsb2Fkc1wvMjAxOVwvMTFcLzQuanBnIiwic2xpZGVzaG93IjoiNGZiNTQ2YiJ9\" href='http:\/\/www.lsg.cz\/erasmus\/wp-content\/uploads\/2019\/11\/4.jpg'><img loading=\"lazy\" decoding=\"async\" width=\"150\" height=\"150\" src=\"http:\/\/www.lsg.cz\/erasmus\/wp-content\/uploads\/2019\/11\/4-150x150.jpg\" class=\"attachment-thumbnail size-thumbnail\" alt=\"\" \/><\/a>\n\t\t\t<\/div><\/figure>\n\t\t<\/div>\n\t\t<\/div>\n\t\t\t\t<\/div>\n\t\t\t\t<\/div>\n\t\t\t\t\t\t<\/div>\n\t\t\t\t\t<\/div>\n\t\t<\/div>\n\t\t\t\t\t\t\t\t<\/div>\n\t\t\t\t\t<\/div>\n\t\t<\/section>\n\t\t\t\t<section class=\"elementor-section elementor-top-section elementor-element elementor-element-b3d31f4 elementor-section-boxed elementor-section-height-default elementor-section-height-default\" data-id=\"b3d31f4\" data-element_type=\"section\">\n\t\t\t\t\t\t<div class=\"elementor-container elementor-column-gap-default\">\n\t\t\t\t\t\t\t<div class=\"elementor-row\">\n\t\t\t\t\t<div class=\"elementor-column elementor-col-100 elementor-top-column elementor-element elementor-element-ba65836\" data-id=\"ba65836\" data-element_type=\"column\">\n\t\t\t<div class=\"elementor-column-wrap elementor-element-populated\">\n\t\t\t\t\t\t\t<div class=\"elementor-widget-wrap\">\n\t\t\t\t\t\t<div class=\"elementor-element elementor-element-3c53a98 elementor-widget elementor-widget-spacer\" data-id=\"3c53a98\" data-element_type=\"widget\" data-widget_type=\"spacer.default\">\n\t\t\t\t<div class=\"elementor-widget-container\">\n\t\t\t\t\t<div class=\"elementor-spacer\">\n\t\t\t<div class=\"elementor-spacer-inner\"><\/div>\n\t\t<\/div>\n\t\t\t\t<\/div>\n\t\t\t\t<\/div>\n\t\t\t\t<div class=\"elementor-element elementor-element-3135387 elementor-widget elementor-widget-counter\" data-id=\"3135387\" data-element_type=\"widget\" data-widget_type=\"counter.default\">\n\t\t\t\t<div class=\"elementor-widget-container\">\n\t\t\t\t\t<div class=\"elementor-counter\">\n\t\t\t<div class=\"elementor-counter-number-wrapper\">\n\t\t\t\t<span class=\"elementor-counter-number-prefix\"><\/span>\n\t\t\t\t<span class=\"elementor-counter-number\" data-duration=\"2000\" data-to-value=\"1240\" data-from-value=\"0\" data-delimiter=\" \">0<\/span>\n\t\t\t\t<span class=\"elementor-counter-number-suffix\"><\/span>\n\t\t\t<\/div>\n\t\t\t\t\t\t\t<div class=\"elementor-counter-title\">Students<\/div>\n\t\t\t\t\t<\/div>\n\t\t\t\t<\/div>\n\t\t\t\t<\/div>\n\t\t\t\t\t\t<\/div>\n\t\t\t\t\t<\/div>\n\t\t<\/div>\n\t\t\t\t\t\t\t\t<\/div>\n\t\t\t\t\t<\/div>\n\t\t<\/section>\n\t\t\t\t<section class=\"elementor-section elementor-top-section elementor-element elementor-element-6a46816 elementor-section-boxed elementor-section-height-default elementor-section-height-default\" data-id=\"6a46816\" data-element_type=\"section\">\n\t\t\t\t\t\t<div class=\"elementor-container elementor-column-gap-default\">\n\t\t\t\t\t\t\t<div class=\"elementor-row\">\n\t\t\t\t\t<div class=\"elementor-column elementor-col-100 elementor-top-column elementor-element elementor-element-e8089ad\" data-id=\"e8089ad\" data-element_type=\"column\">\n\t\t\t<div class=\"elementor-column-wrap elementor-element-populated\">\n\t\t\t\t\t\t\t<div class=\"elementor-widget-wrap\">\n\t\t\t\t\t\t<div class=\"elementor-element elementor-element-ffed9af elementor-widget elementor-widget-spacer\" data-id=\"ffed9af\" data-element_type=\"widget\" data-widget_type=\"spacer.default\">\n\t\t\t\t<div class=\"elementor-widget-container\">\n\t\t\t\t\t<div class=\"elementor-spacer\">\n\t\t\t<div class=\"elementor-spacer-inner\"><\/div>\n\t\t<\/div>\n\t\t\t\t<\/div>\n\t\t\t\t<\/div>\n\t\t\t\t\t\t<\/div>\n\t\t\t\t\t<\/div>\n\t\t<\/div>\n\t\t\t\t\t\t\t\t<\/div>\n\t\t\t\t\t<\/div>\n\t\t<\/section>\n\t\t\t\t\t\t\t\t\t<\/div>\n\t\t\t<\/div>\n\t\t\t\t\t<\/div>\n\t\t","protected":false},"excerpt":{"rendered":"<p>About our school No 2 Secondary School &#8222;Prof- Nikola Marinov&#8220; is a secondary school with a history of \u00a050\u00a0 years. With more than 1200 students, aged 6 to 19, the school is the largest in Targovishte region.\u00a0 The students develop their abilities in the following sections: Technology, Humanities, Natural Sciences, Arts. \u00a0Uniqueness to the school &hellip;<\/p>\n<p class=\"read-more\"> <a class=\"\" href=\"http:\/\/www.lsg.cz\/erasmus\/participants\/bulgaria\/\"> <span class=\"screen-reader-text\">Bulgaria<\/span> Pokra\u010dovat ve \u010dten\u00ed &raquo;<\/a><\/p>\n","protected":false},"author":1,"featured_media":0,"parent":1738,"menu_order":0,"comment_status":"closed","ping_status":"closed","template":"","meta":{"site-sidebar-layout":"no-sidebar","site-content-layout":"page-builder","ast-global-header-display":"","ast-main-header-display":"","ast-hfb-above-header-display":"","ast-hfb-below-header-display":"","ast-hfb-mobile-header-display":"","site-post-title":"disabled","ast-breadcrumbs-content":"","ast-featured-img":"disabled","footer-sml-layout":"","theme-transparent-header-meta":"default","adv-header-id-meta":"","stick-header-meta":"","header-above-stick-meta":"","header-main-stick-meta":"","header-below-stick-meta":"","footnotes":""},"_links":{"self":[{"href":"http:\/\/www.lsg.cz\/erasmus\/wp-json\/wp\/v2\/pages\/1675"}],"collection":[{"href":"http:\/\/www.lsg.cz\/erasmus\/wp-json\/wp\/v2\/pages"}],"about":[{"href":"http:\/\/www.lsg.cz\/erasmus\/wp-json\/wp\/v2\/types\/page"}],"author":[{"embeddable":true,"href":"http:\/\/www.lsg.cz\/erasmus\/wp-json\/wp\/v2\/users\/1"}],"replies":[{"embeddable":true,"href":"http:\/\/www.lsg.cz\/erasmus\/wp-json\/wp\/v2\/comments?post=1675"}],"version-history":[{"count":8,"href":"http:\/\/www.lsg.cz\/erasmus\/wp-json\/wp\/v2\/pages\/1675\/revisions"}],"predecessor-version":[{"id":1746,"href":"http:\/\/www.lsg.cz\/erasmus\/wp-json\/wp\/v2\/pages\/1675\/revisions\/1746"}],"up":[{"embeddable":true,"href":"http:\/\/www.lsg.cz\/erasmus\/wp-json\/wp\/v2\/pages\/1738"}],"wp:attachment":[{"href":"http:\/\/www.lsg.cz\/erasmus\/wp-json\/wp\/v2\/media?parent=1675"}],"curies":[{"name":"wp","href":"https:\/\/api.w.org\/{rel}","templated":true}]}}