{"id":1691,"date":"2019-11-12T08:01:38","date_gmt":"2019-11-12T07:01:38","guid":{"rendered":"http:\/\/www.lsg.cz\/erasmus\/?page_id=1691"},"modified":"2019-11-12T09:57:55","modified_gmt":"2019-11-12T08:57:55","slug":"italy","status":"publish","type":"page","link":"http:\/\/www.lsg.cz\/erasmus\/participants\/italy\/","title":{"rendered":"Italy"},"content":{"rendered":"\t\t<div data-elementor-type=\"wp-post\" data-elementor-id=\"1691\" class=\"elementor elementor-1691\">\n\t\t\t\t\t\t<div class=\"elementor-inner\">\n\t\t\t\t<div class=\"elementor-section-wrap\">\n\t\t\t\t\t\t\t\t\t<section class=\"elementor-section elementor-top-section elementor-element elementor-element-e8bd00b elementor-section-boxed elementor-section-height-default elementor-section-height-default\" data-id=\"e8bd00b\" data-element_type=\"section\">\n\t\t\t\t\t\t<div class=\"elementor-container elementor-column-gap-default\">\n\t\t\t\t\t\t\t<div class=\"elementor-row\">\n\t\t\t\t\t<div class=\"elementor-column elementor-col-100 elementor-top-column elementor-element elementor-element-76fe1bc\" data-id=\"76fe1bc\" data-element_type=\"column\">\n\t\t\t<div class=\"elementor-column-wrap elementor-element-populated\">\n\t\t\t\t\t\t\t<div class=\"elementor-widget-wrap\">\n\t\t\t\t\t\t<div class=\"elementor-element elementor-element-55ec639 elementor-widget elementor-widget-spacer\" data-id=\"55ec639\" data-element_type=\"widget\" data-widget_type=\"spacer.default\">\n\t\t\t\t<div class=\"elementor-widget-container\">\n\t\t\t\t\t<div class=\"elementor-spacer\">\n\t\t\t<div class=\"elementor-spacer-inner\"><\/div>\n\t\t<\/div>\n\t\t\t\t<\/div>\n\t\t\t\t<\/div>\n\t\t\t\t\t\t<\/div>\n\t\t\t\t\t<\/div>\n\t\t<\/div>\n\t\t\t\t\t\t\t\t<\/div>\n\t\t\t\t\t<\/div>\n\t\t<\/section>\n\t\t\t\t<section class=\"elementor-section elementor-top-section elementor-element elementor-element-e179e3c elementor-section-boxed elementor-section-height-default elementor-section-height-default\" data-id=\"e179e3c\" data-element_type=\"section\">\n\t\t\t\t\t\t<div class=\"elementor-container elementor-column-gap-default\">\n\t\t\t\t\t\t\t<div class=\"elementor-row\">\n\t\t\t\t\t<div class=\"elementor-column elementor-col-100 elementor-top-column elementor-element elementor-element-a3ca145\" data-id=\"a3ca145\" data-element_type=\"column\">\n\t\t\t<div class=\"elementor-column-wrap\">\n\t\t\t\t\t\t\t<div class=\"elementor-widget-wrap\">\n\t\t\t\t\t\t\t\t<\/div>\n\t\t\t\t\t<\/div>\n\t\t<\/div>\n\t\t\t\t\t\t\t\t<\/div>\n\t\t\t\t\t<\/div>\n\t\t<\/section>\n\t\t\t\t<section class=\"elementor-section elementor-top-section elementor-element elementor-element-91d18ff elementor-section-boxed elementor-section-height-default elementor-section-height-default\" data-id=\"91d18ff\" data-element_type=\"section\">\n\t\t\t\t\t\t<div class=\"elementor-container elementor-column-gap-default\">\n\t\t\t\t\t\t\t<div class=\"elementor-row\">\n\t\t\t\t\t<div class=\"elementor-column elementor-col-100 elementor-top-column elementor-element elementor-element-024f239\" data-id=\"024f239\" data-element_type=\"column\">\n\t\t\t<div class=\"elementor-column-wrap elementor-element-populated\">\n\t\t\t\t\t\t\t<div class=\"elementor-widget-wrap\">\n\t\t\t\t\t\t<div class=\"elementor-element elementor-element-9bbbaa1 elementor-widget elementor-widget-heading\" data-id=\"9bbbaa1\" data-element_type=\"widget\" data-widget_type=\"heading.default\">\n\t\t\t\t<div class=\"elementor-widget-container\">\n\t\t\t<h2 class=\"elementor-heading-title elementor-size-default\">About our schools<\/h2>\t\t<\/div>\n\t\t\t\t<\/div>\n\t\t\t\t<div class=\"elementor-element elementor-element-de192ba elementor-widget elementor-widget-text-editor\" data-id=\"de192ba\" data-element_type=\"widget\" data-widget_type=\"text-editor.default\">\n\t\t\t\t<div class=\"elementor-widget-container\">\n\t\t\t\t\t\t\t\t<div class=\"elementor-text-editor elementor-clearfix\">\n\t\t\t\t<p><strong>Istituti Vinci<\/strong> is an upper secondary education school (14-19 years old) in the region of <strong>Lombardy<\/strong> (Italy) with a <strong>technical school of transport and logistics<\/strong>, specializing in <strong>airplane conduction<\/strong>. <br \/>The institute has two branches, one in <strong>Gallarate<\/strong> and the other in <strong>Varese<\/strong>, with about 30 teachers and 220 students.\u00a0<strong>Aviation studies<\/strong> is not common in many EU States; thus, representatives and teachers of Istituti Vinci are highly motivated to share with other countries the particularity and the knowledge their students gain.<\/p>\t\t\t\t\t<\/div>\n\t\t\t\t\t\t<\/div>\n\t\t\t\t<\/div>\n\t\t\t\t\t\t<\/div>\n\t\t\t\t\t<\/div>\n\t\t<\/div>\n\t\t\t\t\t\t\t\t<\/div>\n\t\t\t\t\t<\/div>\n\t\t<\/section>\n\t\t\t\t<section class=\"elementor-section elementor-top-section elementor-element elementor-element-ac1e0f7 elementor-section-boxed elementor-section-height-default elementor-section-height-default\" data-id=\"ac1e0f7\" data-element_type=\"section\">\n\t\t\t\t\t\t<div class=\"elementor-container elementor-column-gap-default\">\n\t\t\t\t\t\t\t<div class=\"elementor-row\">\n\t\t\t\t\t<div class=\"elementor-column elementor-col-100 elementor-top-column elementor-element elementor-element-fc78561\" data-id=\"fc78561\" data-element_type=\"column\">\n\t\t\t<div class=\"elementor-column-wrap elementor-element-populated\">\n\t\t\t\t\t\t\t<div class=\"elementor-widget-wrap\">\n\t\t\t\t\t\t<div class=\"elementor-element elementor-element-8e03379 elementor-widget elementor-widget-image-gallery\" data-id=\"8e03379\" data-element_type=\"widget\" data-widget_type=\"image-gallery.default\">\n\t\t\t\t<div class=\"elementor-widget-container\">\n\t\t\t\t\t<div class=\"elementor-image-gallery\">\n\t\t\t<div id='gallery-1' class='gallery galleryid-1691 gallery-columns-3 gallery-size-thumbnail'><figure class='gallery-item'>\n\t\t\t<div class='gallery-icon landscape'>\n\t\t\t\t<a data-elementor-open-lightbox=\"yes\" data-elementor-lightbox-slideshow=\"8e03379\" e-action-hash=\"#elementor-action%3Aaction%3Dlightbox%26settings%3DeyJpZCI6MTcwMCwidXJsIjoiaHR0cDpcL1wvd3d3LmxzZy5jelwvZXJhc211c1wvd3AtY29udGVudFwvdXBsb2Fkc1wvMjAxOVwvMTFcL0FndXN0YS0yMDEyYi5qcGciLCJzbGlkZXNob3ciOiI4ZTAzMzc5In0%3D\" href='http:\/\/www.lsg.cz\/erasmus\/wp-content\/uploads\/2019\/11\/Agusta-2012b.jpg'><img loading=\"lazy\" decoding=\"async\" width=\"150\" height=\"150\" src=\"http:\/\/www.lsg.cz\/erasmus\/wp-content\/uploads\/2019\/11\/Agusta-2012b-150x150.jpg\" class=\"attachment-thumbnail size-thumbnail\" alt=\"\" \/><\/a>\n\t\t\t<\/div><\/figure><figure class='gallery-item'>\n\t\t\t<div class='gallery-icon landscape'>\n\t\t\t\t<a data-elementor-open-lightbox=\"yes\" data-elementor-lightbox-slideshow=\"8e03379\" e-action-hash=\"#elementor-action%3Aaction%3Dlightbox%26settings%3DeyJpZCI6MTcwMSwidXJsIjoiaHR0cDpcL1wvd3d3LmxzZy5jelwvZXJhc211c1wvd3AtY29udGVudFwvdXBsb2Fkc1wvMjAxOVwvMTFcL0YtZWxpLmpwZyIsInNsaWRlc2hvdyI6IjhlMDMzNzkifQ%3D%3D\" href='http:\/\/www.lsg.cz\/erasmus\/wp-content\/uploads\/2019\/11\/F-eli.jpg'><img loading=\"lazy\" decoding=\"async\" width=\"150\" height=\"150\" src=\"http:\/\/www.lsg.cz\/erasmus\/wp-content\/uploads\/2019\/11\/F-eli-150x150.jpg\" class=\"attachment-thumbnail size-thumbnail\" alt=\"\" \/><\/a>\n\t\t\t<\/div><\/figure><figure class='gallery-item'>\n\t\t\t<div class='gallery-icon landscape'>\n\t\t\t\t<a data-elementor-open-lightbox=\"yes\" data-elementor-lightbox-slideshow=\"8e03379\" e-action-hash=\"#elementor-action%3Aaction%3Dlightbox%26settings%3DeyJpZCI6MTcwMiwidXJsIjoiaHR0cDpcL1wvd3d3LmxzZy5jelwvZXJhc211c1wvd3AtY29udGVudFwvdXBsb2Fkc1wvMjAxOVwvMTFcL0ktdm9sby1hZXJlby5qcGciLCJzbGlkZXNob3ciOiI4ZTAzMzc5In0%3D\" href='http:\/\/www.lsg.cz\/erasmus\/wp-content\/uploads\/2019\/11\/I-volo-aereo.jpg'><img loading=\"lazy\" decoding=\"async\" width=\"150\" height=\"150\" src=\"http:\/\/www.lsg.cz\/erasmus\/wp-content\/uploads\/2019\/11\/I-volo-aereo-150x150.jpg\" class=\"attachment-thumbnail size-thumbnail\" alt=\"\" \/><\/a>\n\t\t\t<\/div><\/figure>\n\t\t<\/div>\n\t\t<\/div>\n\t\t\t\t<\/div>\n\t\t\t\t<\/div>\n\t\t\t\t<div class=\"elementor-element elementor-element-e72ae9f elementor-widget elementor-widget-spacer\" data-id=\"e72ae9f\" data-element_type=\"widget\" data-widget_type=\"spacer.default\">\n\t\t\t\t<div class=\"elementor-widget-container\">\n\t\t\t\t\t<div class=\"elementor-spacer\">\n\t\t\t<div class=\"elementor-spacer-inner\"><\/div>\n\t\t<\/div>\n\t\t\t\t<\/div>\n\t\t\t\t<\/div>\n\t\t\t\t<div class=\"elementor-element elementor-element-68b43ae elementor-widget elementor-widget-counter\" data-id=\"68b43ae\" data-element_type=\"widget\" data-widget_type=\"counter.default\">\n\t\t\t\t<div class=\"elementor-widget-container\">\n\t\t\t\t\t<div class=\"elementor-counter\">\n\t\t\t<div class=\"elementor-counter-number-wrapper\">\n\t\t\t\t<span class=\"elementor-counter-number-prefix\"><\/span>\n\t\t\t\t<span class=\"elementor-counter-number\" data-duration=\"2000\" data-to-value=\"220\" data-from-value=\"0\" data-delimiter=\",\">0<\/span>\n\t\t\t\t<span class=\"elementor-counter-number-suffix\"><\/span>\n\t\t\t<\/div>\n\t\t\t\t\t\t\t<div class=\"elementor-counter-title\">Students<\/div>\n\t\t\t\t\t<\/div>\n\t\t\t\t<\/div>\n\t\t\t\t<\/div>\n\t\t\t\t<div class=\"elementor-element elementor-element-8ddc117 elementor-widget elementor-widget-spacer\" data-id=\"8ddc117\" data-element_type=\"widget\" data-widget_type=\"spacer.default\">\n\t\t\t\t<div class=\"elementor-widget-container\">\n\t\t\t\t\t<div class=\"elementor-spacer\">\n\t\t\t<div class=\"elementor-spacer-inner\"><\/div>\n\t\t<\/div>\n\t\t\t\t<\/div>\n\t\t\t\t<\/div>\n\t\t\t\t\t\t<\/div>\n\t\t\t\t\t<\/div>\n\t\t<\/div>\n\t\t\t\t\t\t\t\t<\/div>\n\t\t\t\t\t<\/div>\n\t\t<\/section>\n\t\t\t\t\t\t\t\t\t<\/div>\n\t\t\t<\/div>\n\t\t\t\t\t<\/div>\n\t\t","protected":false},"excerpt":{"rendered":"<p>About our schools Istituti Vinci is an upper secondary education school (14-19 years old) in the region of Lombardy (Italy) with a technical school of transport and logistics, specializing in airplane conduction. The institute has two branches, one in Gallarate and the other in Varese, with about 30 teachers and 220 students.\u00a0Aviation studies is not &hellip;<\/p>\n<p class=\"read-more\"> <a class=\"\" href=\"http:\/\/www.lsg.cz\/erasmus\/participants\/italy\/\"> <span class=\"screen-reader-text\">Italy<\/span> Pokra\u010dovat ve \u010dten\u00ed &raquo;<\/a><\/p>\n","protected":false},"author":1,"featured_media":0,"parent":1738,"menu_order":0,"comment_status":"closed","ping_status":"closed","template":"","meta":{"site-sidebar-layout":"no-sidebar","site-content-layout":"page-builder","ast-global-header-display":"","ast-main-header-display":"","ast-hfb-above-header-display":"","ast-hfb-below-header-display":"","ast-hfb-mobile-header-display":"","site-post-title":"disabled","ast-breadcrumbs-content":"","ast-featured-img":"disabled","footer-sml-layout":"","theme-transparent-header-meta":"","adv-header-id-meta":"","stick-header-meta":"","header-above-stick-meta":"","header-main-stick-meta":"","header-below-stick-meta":"","footnotes":""},"_links":{"self":[{"href":"http:\/\/www.lsg.cz\/erasmus\/wp-json\/wp\/v2\/pages\/1691"}],"collection":[{"href":"http:\/\/www.lsg.cz\/erasmus\/wp-json\/wp\/v2\/pages"}],"about":[{"href":"http:\/\/www.lsg.cz\/erasmus\/wp-json\/wp\/v2\/types\/page"}],"author":[{"embeddable":true,"href":"http:\/\/www.lsg.cz\/erasmus\/wp-json\/wp\/v2\/users\/1"}],"replies":[{"embeddable":true,"href":"http:\/\/www.lsg.cz\/erasmus\/wp-json\/wp\/v2\/comments?post=1691"}],"version-history":[{"count":8,"href":"http:\/\/www.lsg.cz\/erasmus\/wp-json\/wp\/v2\/pages\/1691\/revisions"}],"predecessor-version":[{"id":1745,"href":"http:\/\/www.lsg.cz\/erasmus\/wp-json\/wp\/v2\/pages\/1691\/revisions\/1745"}],"up":[{"embeddable":true,"href":"http:\/\/www.lsg.cz\/erasmus\/wp-json\/wp\/v2\/pages\/1738"}],"wp:attachment":[{"href":"http:\/\/www.lsg.cz\/erasmus\/wp-json\/wp\/v2\/media?parent=1691"}],"curies":[{"name":"wp","href":"https:\/\/api.w.org\/{rel}","templated":true}]}}